{"id":394,"date":"2023-07-17T22:43:51","date_gmt":"2023-07-17T22:43:51","guid":{"rendered":"https:\/\/corporautos.com\/?post_type=product&#038;p=394"},"modified":"2023-07-17T22:43:52","modified_gmt":"2023-07-17T22:43:52","slug":"hyundai-elantra-nb-premium-automatico-2017","status":"publish","type":"product","link":"https:\/\/corporautos.com\/index.php\/product\/hyundai-elantra-nb-premium-automatico-2017\/","title":{"rendered":"Hyundai Elantra NB Premium Autom\u00e1tico 2017"},"content":{"rendered":"<p>Espectacular Hyundai Elantra NB Premium Autom\u00e1tico 2017, IMPECABLE, con 35.122 km, mantenimientos en concesionario, \u00fanico due\u00f1o, veh\u00edculo asegurado, sin choques, sin reclamaciones en aseguradora, disponible para cualquier inspecci\u00f3n, documentos al d\u00eda, listo para traspaso, CITA PREVIA.<\/p>\n","protected":false},"excerpt":{"rendered":"<p>Marca: Hyundai<br \/>\nModelo: 2017<br \/>\nColor: Rojo<br \/>\nReferencia: Elantra<br \/>\nVersi\u00f3n: NB Premium<br \/>\nTipo: Sedan<br \/>\nMotor: 1.6L<br \/>\nTrasmisi\u00f3n: Autom\u00e1tico<br \/>\nTracci\u00f3n: Delantero<br \/>\nKilometraje: 35.122 km<br \/>\nPlaca: 6<br \/>\nMatricula: Bogota<\/p>\n","protected":false},"featured_media":389,"comment_status":"open","ping_status":"closed","template":"","meta":{"site-sidebar-layout":"default","site-content-layout":"default","ast-global-header-display":"","ast-banner-title-visibility":"","ast-main-header-display":"","ast-hfb-above-header-display":"","ast-hfb-below-header-display":"","ast-hfb-mobile-header-display":"","site-post-title":"","ast-breadcrumbs-content":"","ast-featured-img":"","footer-sml-layout":"","theme-transparent-header-meta":"default","adv-header-id-meta":"","stick-header-meta":"","header-above-stick-meta":"","header-main-stick-meta":"","header-below-stick-meta":"","_joinchat":[]},"product_cat":[15],"product_tag":[],"class_list":["post-394","product","type-product","status-publish","has-post-thumbnail","hentry","product_cat-uncategorized","desktop-align-left","tablet-align-left","mobile-align-left"],"yoast_head":"<!-- This site is optimized with the Yoast SEO Premium plugin v20.4 (Yoast SEO v20.11) - https:\/\/yoast.com\/wordpress\/plugins\/seo\/ -->\n<title>Hyundai Elantra NB Premium Autom\u00e1tico 2017 - Corporautos<\/title>\n<meta name=\"robots\" content=\"index, follow, max-snippet:-1, max-image-preview:large, max-video-preview:-1\" \/>\n<link rel=\"canonical\" href=\"https:\/\/corporautos.com\/index.php\/product\/hyundai-elantra-nb-premium-automatico-2017\/\" \/>\n<meta property=\"og:locale\" content=\"es_ES\" \/>\n<meta property=\"og:type\" content=\"article\" \/>\n<meta property=\"og:title\" content=\"Hyundai Elantra NB Premium Autom\u00e1tico 2017\" \/>\n<meta property=\"og:description\" content=\"Marca: Hyundai Modelo: 2017 Color: Rojo Referencia: Elantra Versi\u00f3n: NB Premium Tipo: Sedan Motor: 1.6L Trasmisi\u00f3n: Autom\u00e1tico Tracci\u00f3n: Delantero Kilometraje: 35.122 km Placa: 6 Matricula: Bogota\" \/>\n<meta property=\"og:url\" content=\"https:\/\/corporautos.com\/index.php\/product\/hyundai-elantra-nb-premium-automatico-2017\/\" \/>\n<meta property=\"og:site_name\" content=\"Corporautos\" \/>\n<meta property=\"article:modified_time\" content=\"2023-07-17T22:43:52+00:00\" \/>\n<meta property=\"og:image\" content=\"https:\/\/corporautos.com\/wp-content\/uploads\/2023\/07\/347075330_1193730971314174_5574558130526316519_n.jpg\" \/>\n\t<meta property=\"og:image:width\" content=\"640\" \/>\n\t<meta property=\"og:image:height\" content=\"536\" \/>\n\t<meta property=\"og:image:type\" content=\"image\/jpeg\" \/>\n<meta name=\"twitter:card\" content=\"summary_large_image\" \/>\n<meta name=\"twitter:label1\" content=\"Tiempo de lectura\" \/>\n\t<meta name=\"twitter:data1\" content=\"1 minuto\" \/>\n<script type=\"application\/ld+json\" class=\"yoast-schema-graph\">{\"@context\":\"https:\/\/schema.org\",\"@graph\":[{\"@type\":\"WebPage\",\"@id\":\"https:\/\/corporautos.com\/index.php\/product\/hyundai-elantra-nb-premium-automatico-2017\/\",\"url\":\"https:\/\/corporautos.com\/index.php\/product\/hyundai-elantra-nb-premium-automatico-2017\/\",\"name\":\"Hyundai Elantra NB Premium Autom\u00e1tico 2017 - Corporautos\",\"isPartOf\":{\"@id\":\"https:\/\/corporautos.com\/#website\"},\"datePublished\":\"2023-07-17T22:43:51+00:00\",\"dateModified\":\"2023-07-17T22:43:52+00:00\",\"breadcrumb\":{\"@id\":\"https:\/\/corporautos.com\/index.php\/product\/hyundai-elantra-nb-premium-automatico-2017\/#breadcrumb\"},\"inLanguage\":\"es\",\"potentialAction\":[{\"@type\":\"ReadAction\",\"target\":[\"https:\/\/corporautos.com\/index.php\/product\/hyundai-elantra-nb-premium-automatico-2017\/\"]}]},{\"@type\":\"BreadcrumbList\",\"@id\":\"https:\/\/corporautos.com\/index.php\/product\/hyundai-elantra-nb-premium-automatico-2017\/#breadcrumb\",\"itemListElement\":[{\"@type\":\"ListItem\",\"position\":1,\"name\":\"Home\",\"item\":\"https:\/\/corporautos.com\/\"},{\"@type\":\"ListItem\",\"position\":2,\"name\":\"Tienda\",\"item\":\"https:\/\/corporautos.com\/index.php\/shop\/\"},{\"@type\":\"ListItem\",\"position\":3,\"name\":\"Hyundai Elantra NB Premium Autom\u00e1tico 2017\"}]},{\"@type\":\"WebSite\",\"@id\":\"https:\/\/corporautos.com\/#website\",\"url\":\"https:\/\/corporautos.com\/\",\"name\":\"Corporautos\",\"description\":\"\",\"potentialAction\":[{\"@type\":\"SearchAction\",\"target\":{\"@type\":\"EntryPoint\",\"urlTemplate\":\"https:\/\/corporautos.com\/?s={search_term_string}\"},\"query-input\":\"required name=search_term_string\"}],\"inLanguage\":\"es\"}]}<\/script>\n<!-- \/ Yoast SEO Premium plugin. -->","yoast_head_json":{"title":"Hyundai Elantra NB Premium Autom\u00e1tico 2017 - Corporautos","robots":{"index":"index","follow":"follow","max-snippet":"max-snippet:-1","max-image-preview":"max-image-preview:large","max-video-preview":"max-video-preview:-1"},"canonical":"https:\/\/corporautos.com\/index.php\/product\/hyundai-elantra-nb-premium-automatico-2017\/","og_locale":"es_ES","og_type":"article","og_title":"Hyundai Elantra NB Premium Autom\u00e1tico 2017","og_description":"Marca: Hyundai Modelo: 2017 Color: Rojo Referencia: Elantra Versi\u00f3n: NB Premium Tipo: Sedan Motor: 1.6L Trasmisi\u00f3n: Autom\u00e1tico Tracci\u00f3n: Delantero Kilometraje: 35.122 km Placa: 6 Matricula: Bogota","og_url":"https:\/\/corporautos.com\/index.php\/product\/hyundai-elantra-nb-premium-automatico-2017\/","og_site_name":"Corporautos","article_modified_time":"2023-07-17T22:43:52+00:00","og_image":[{"width":640,"height":536,"url":"https:\/\/corporautos.com\/wp-content\/uploads\/2023\/07\/347075330_1193730971314174_5574558130526316519_n.jpg","type":"image\/jpeg"}],"twitter_card":"summary_large_image","twitter_misc":{"Tiempo de lectura":"1 minuto"},"schema":{"@context":"https:\/\/schema.org","@graph":[{"@type":"WebPage","@id":"https:\/\/corporautos.com\/index.php\/product\/hyundai-elantra-nb-premium-automatico-2017\/","url":"https:\/\/corporautos.com\/index.php\/product\/hyundai-elantra-nb-premium-automatico-2017\/","name":"Hyundai Elantra NB Premium Autom\u00e1tico 2017 - Corporautos","isPartOf":{"@id":"https:\/\/corporautos.com\/#website"},"datePublished":"2023-07-17T22:43:51+00:00","dateModified":"2023-07-17T22:43:52+00:00","breadcrumb":{"@id":"https:\/\/corporautos.com\/index.php\/product\/hyundai-elantra-nb-premium-automatico-2017\/#breadcrumb"},"inLanguage":"es","potentialAction":[{"@type":"ReadAction","target":["https:\/\/corporautos.com\/index.php\/product\/hyundai-elantra-nb-premium-automatico-2017\/"]}]},{"@type":"BreadcrumbList","@id":"https:\/\/corporautos.com\/index.php\/product\/hyundai-elantra-nb-premium-automatico-2017\/#breadcrumb","itemListElement":[{"@type":"ListItem","position":1,"name":"Home","item":"https:\/\/corporautos.com\/"},{"@type":"ListItem","position":2,"name":"Tienda","item":"https:\/\/corporautos.com\/index.php\/shop\/"},{"@type":"ListItem","position":3,"name":"Hyundai Elantra NB Premium Autom\u00e1tico 2017"}]},{"@type":"WebSite","@id":"https:\/\/corporautos.com\/#website","url":"https:\/\/corporautos.com\/","name":"Corporautos","description":"","potentialAction":[{"@type":"SearchAction","target":{"@type":"EntryPoint","urlTemplate":"https:\/\/corporautos.com\/?s={search_term_string}"},"query-input":"required name=search_term_string"}],"inLanguage":"es"}]}},"_links":{"self":[{"href":"https:\/\/corporautos.com\/index.php\/wp-json\/wp\/v2\/product\/394","targetHints":{"allow":["GET"]}}],"collection":[{"href":"https:\/\/corporautos.com\/index.php\/wp-json\/wp\/v2\/product"}],"about":[{"href":"https:\/\/corporautos.com\/index.php\/wp-json\/wp\/v2\/types\/product"}],"replies":[{"embeddable":true,"href":"https:\/\/corporautos.com\/index.php\/wp-json\/wp\/v2\/comments?post=394"}],"wp:featuredmedia":[{"embeddable":true,"href":"https:\/\/corporautos.com\/index.php\/wp-json\/wp\/v2\/media\/389"}],"wp:attachment":[{"href":"https:\/\/corporautos.com\/index.php\/wp-json\/wp\/v2\/media?parent=394"}],"wp:term":[{"taxonomy":"product_cat","embeddable":true,"href":"https:\/\/corporautos.com\/index.php\/wp-json\/wp\/v2\/product_cat?post=394"},{"taxonomy":"product_tag","embeddable":true,"href":"https:\/\/corporautos.com\/index.php\/wp-json\/wp\/v2\/product_tag?post=394"}],"curies":[{"name":"wp","href":"https:\/\/api.w.org\/{rel}","templated":true}]}}